
In base 12, what is 9b6002 - 1?
9b6001
In base 4, what is -310331101 + -123233?
-311121000
In base 2, what is 1101001100 + 10000101101111100?
10000111011001000
In base 9, what is -2 + -1118440?
-1118442
In base 5, what is -200313 + 232014?
31201
In base 2, what is 100 - -1011010000101011010?
1011010000101011110
In base 7, what is 1 - -22106455?
22106456
In base 11, what is 3795848 - 3?
3795845
In base 2, what is 10110 - -101001110110011000110?
101001110110011011100
In base 11, what is 263 - 21a2a88?
-21a2825
In base 9, what is 160308 + -2?
160306
In base 5, what is 341200234 + -13?
341200221
In base 3, what is 1100 - -2201111011102?
2201111012202
In base 4, what is 12002 - 1132021102?
-1132003100
In base 11, what is -4 - 10a55632?
-10a55636
In base 7, what is -6300 - -3622323?
3613023
In base 6, what is -435 - 4524?
-5403
In base 15, what is -163400 - -19b?
-163254
In base 2, what is 10011101101 - 10001010001111111?
-10000111110010010
In base 16, what is -1393fe + -70?
-13946e
In base 5, what is 4 + 401431414?
401431423
In base 14, what is -1dc8d0 - -1?
-1dc8cd
In base 3, what is -12010100200 + -2001202?
-12012102102
In base 10, what is 78273 + -4316?
73957
In base 6, what is -3 + -34030024?
-34030031
In base 4, what is 10010013 - 33111?
3310302
In base 2, what is -110010011011100 - -1011001110?
-110001000001110
In base 12, what is 4a476 - 109?
4a369
In base 8, what is 3442 - 40616?
-35154
In base 9, what is -15035343 - -4?
-15035338
In base 14, what is -1 - c8c282?
-c8c283
In base 15, what is 3766 - -29c?
3a13
In base 5, what is -333 + -32423010?
-32423343
In base 8, what is -452202 - -603?
-451377
In base 6, what is -101 - 113441451?
-113441552
In base 2, what is -10000011110110101100 + 11000110?
-10000011110011100110
In base 10, what is -1441477 - -53?
-1441424
In base 11, what is 163588170 - 0?
163588170
In base 4, what is 11221 + 3201111?
3212332
In base 14, what is -88 + 8312cc?
831244
In base 14, what is 84d188 + -6?
84d182
In base 6, what is 105 - 333435224?
-333435115
In base 2, what is -110100001101000000 - 10010111?
-110100001111010111
In base 5, what is -21003 - -143?
-20310
In base 10, what is 61 - 127498?
-127437
In base 4, what is -10111 + 111312202?
111302031
In base 4, what is 102223110 + 1103?
102230213
In base 8, what is 110 + -1600744?
-1600634
In base 10, what is 71 - 1277436?
-1277365
In base 11, what is 1720305 - -7?
1720311
In base 7, what is -5 + 1024502336?
1024502331
In base 4, what is -31333 + 22?
-31311
In base 7, what is -2 + -4452063322?
-4452063324
In base 15, what is -c1a - a70?
-178a
In base 7, what is -4 + -221523613?
-221523620
In base 8, what is 773 - 5531236?
-5530243
In base 12, what is -6666a4 + -9?
-6666b1
In base 10, what is 48479 - 591?
47888
In base 2, what is -1111100110010 + 11010110?
-1111001011100
In base 14, what is -28 - 1ca36?
-1ca60
In base 15, what is -244359 - 51?
-2443aa
In base 16, what is -289 - 22b25?
-22dae
In base 2, what is -10101000010110111001111011 + -100?
-10101000010110111001111111
In base 12, what is 64577891 + 3?
64577894
In base 10, what is 46 + -631754?
-631708
In base 3, what is 1112100012 + 201210?
1120001222
In base 13, what is -495b9a3 + 0?
-495b9a3
In base 3, what is -22001210 + -20122?
-22022102
In base 13, what is -182b73a + -7?
-182b744
In base 13, what is 2ac + -65020?
-64a41
In base 10, what is 1658676 + -542?
1658134
In base 16, what is -2 - 43325e?
-433260
In base 11, what is -9425 + -a1?
-9516
In base 2, what is -11111111001 - -10010010011110010?
10001110011111001
In base 15, what is -68 - 1e64c?
-1e6b5
In base 6, what is 0 - 121343155?
-121343155
In base 8, what is -2152 - 3552?
-5724
In base 16, what is -6921e - 2e?
-6924c
In base 6, what is 432352 + -255414?
132534
In base 11, what is -97 + -667278?
-667364
In base 7, what is -6143645 - -6?
-6143636
In base 16, what is -2dcbc - -a2?
-2dc1a
In base 15, what is -96cc8e - 8?
-96cc97
In base 14, what is -12 + d24c?
d23a
In base 10, what is 41913 - 1530?
40383
In base 10, what is 14 - 1192325?
-1192311
In base 16, what is -5c0 + 716e?
6bae
In base 7, what is -1232102 - 6610?
-1242012
In base 13, what is 477 - -14b9a6?
14c150
In base 16, what is 492c9 - 1?
492c8
In base 13, what is -9 - 8a0?
-8a9
In base 13, what is 282 - 99912?
-99660
In base 10, what is -447 + 29123?
28676
In base 16, what is -3 - 22f424?
-22f427
In base 7, what is 251405 + 4331?
256036
In base 6, what is -4415042103 - -31?
-4415042032
In base 11, what is -135934a8 + -6?
-13593503
In base 6, what is 22 + -15245035?
-15245013
In base 2, what is 100000110101111101111000001 - -11?
100000110101111101111000100
In base 5, what is 30330 + -1303220?
-1222340
In base 14, what is -1239 - 3b458?
-3c693
In base 5, what is 24113330 + -2313?
24111012
In base 9, what is 26865 - -12228?
40204
In base 3, what is -10011200 - -221210210?
211122010
In base 7, what is 23 - 125552520?
-125552464
In base 4, what is 1023121322311 - 10?
1023121322301
In base 15, what is -28d96 + db?
-28caa
In base 13, what is 244b4 - 2b2?
24202
In base 12, what is -2294109 - 3?
-2294110
In base 12, what is 37a353 + 3b?
37a392
In base 8, what is 1272577 + -103?
1272474
In base 9, what is -330 + 15508?
15168
In base 12, what is bb8200 - 0?
bb8200
In base 9, what is -107 - 3784074?
-3784182
In base 9, what is -35 - -33468778?
33468743
In base 11, what is 4346 - -29091?
32427
In base 9, what is -10055 - -5500?
-3455
In base 14, what is 2ad59d7 - 2?
2ad59d5
In base 14, what is -5 + -48bc5?
-48bca
In base 3, what is -12110120 + -2111212111?
-2201100001
In base 3, what is 110110111 + 20021012?
200201200
In base 6, what is 5 - 255210215?
-255210210
In base 2, what is -101101101011 - -1001010011011?
11100110000
In base 8, what is 35371264 + 0?
35371264
In base 5, what is 112 - -1210141240?
1210141402
In base 5, what is 1014434 - 3231442?
-2212003
In base 2, what is 100110111000010110010100 - -101?
100110111000010110011001
In base 14, what is -260522 + 32?
-2604d0
In base 8, what is -23342576 - 25?
-23342623
In base 14, what is 1 + -530d9c?
-530d9b
In base 11, what is -1859852 + 9?
-1859844
In base 16, what is -2456 - -8ff2?
6b9c
In base 4, what is -3 - 3010213311201?
-3010213311210
In base 3, what is 2221002101222 + 1011010?
2221010120002
In base 3, what is -1 - -10222101002012?
10222101002011
In base 13, what is 4a - -11285c?
1128a9
In base 11, what is 2352 - 122311?
-11aa6a
In base 10, what is -2562041 - -25?
-2562016
In base 6, what is 12345 - -20302?
33051
In base 8, what is -26 + -154644245?
-154644273
In base 13, what is 47a7a8 - -414?
47abbc
In base 15, what is 36 - 297ae?
-29778
In base 8, what is 13 + 34417701?
34417714
In base 12, what is 31601 - 2623?
2ab9a
In base 8, what is 47 - 133533?
-133464
In base 14, what is -3ab2341 - -8?
-3ab2337
In base 13, what is -4 + c77720b?
c777207
In base 4, what is 21221 + -1121312?
-1100031
In base 7, what is -5 + -126011062?
-126011100
In base 11, what is -753a38 + 211?
-753827
In base 6, what is -53344 + 4542?
-44402
In base 5, what is 2 + -23211301123?
-23211301121
In base 15, what is 2 - -3682e4?
3682e6
In base 10, what is 124905 + -10?
124895
In base 12, what is -8 + -50b5b72?
-50b5b7a
In base 13, what is 11 + -4c5ac7a?
-4c5ac69
In base 16, what is -1 + 3c1a46?
3c1a45
In base 12, what is -11875 + 2307?
-b56a
In base 6, what is 3 - 241205354?
-241205351
In base 15, what is 242d + 189?
25b7
In base 8, what is -2 + 21364655?
21364653
In base 13, what is -2 - 29c7254?
-29c7256
In base 5, what is 1314113134 - -10?
1314113144
In base 13, what is 4 + -995913?
-99590c
In base 2, what is 10 + -111010111011111110110?
-111010111011111110100
In base 7, what is -33201362 + -21?
-33201413
In base 9, what is 137480 - 43?
137436
In base 6, what is -3 - -22020155?
22020152
In base 9, what is 103805 - -261?
104166
In base 14, what is -39709da - -4?
-39709d6
In base 8, what is 706264 + -42?
706222
In base 6, what is -2125 - 22134?
-24303
In base 8, what is 5030 - 1202122?
-1175072
In base 16, what is -550f28 - 3?
-550f2b
In base 2, what is 1000011000011011010 + -1000000?
1000011000010011010
In base 11, what is -2 + 24303241?
2430323a
In base 9, what is 434 - 1674?
-1240
In base 6, what is 105 + -1515505?
-1515400
In base 12, what is -526 + 1aa0?
1576
In base